{"id":107,"date":"2015-10-08T14:20:05","date_gmt":"2015-10-08T11:20:05","guid":{"rendered":"http:\/\/www.kitoval.fi\/?page_id=107"},"modified":"2023-05-29T16:00:42","modified_gmt":"2023-05-29T13:00:42","slug":"2013-3","status":"publish","type":"page","link":"http:\/\/www.kitoval.fi\/?page_id=107","title":{"rendered":"2013"},"content":{"rendered":"<p><strong>Vuosikokous 29.6.2013<\/strong><br \/>\n<a href=\"http:\/\/www.kitoval.fi\/wp-content\/uploads\/2015\/10\/poytakirjavuosikokous2013.pdf\">P\u00f6yt\u00e4kirja<\/a>\u00a0(PDF)<br \/>\n<a href=\"http:\/\/www.kitoval.fi\/wp-content\/uploads\/2015\/10\/rsmotevuosikokous2103presentation.pdf\" target=\"_blank\">Esitys<\/a>\u00a0(PDF)<br \/>\n<a href=\"http:\/\/www.kitoval.fi\/wp-content\/uploads\/2015\/10\/rsberattelse2012.pdf\" target=\"_blank\">Vuosikertomus 2012 (SV)<\/a>\u00a0(PDF)<br \/>\n<a href=\"http:\/\/www.kitoval.fi\/wp-content\/uploads\/2015\/10\/tuloslaskelm2012fiofficiell2.pdf\" target=\"_blank\">Tuloslaskelma 2012<\/a>\u00a0(PDF)<br \/>\n<a href=\"http:\/\/www.kitoval.fi\/wp-content\/uploads\/2015\/10\/tase2012fiofficiell2.pdf\" target=\"_blank\">Tase 2012<\/a>\u00a0(PDF)<br \/>\n<a href=\"http:\/\/www.kitoval.fi\/wp-content\/uploads\/2015\/10\/vuosikokousprojektikatsaus2.pdf\" target=\"_blank\">Projektikatsaus<\/a>\u00a0(PDF)<br \/>\n<a href=\"http:\/\/www.kitoval.fi\/wp-content\/uploads\/2015\/10\/revisionsberattelse20122.pdf\" target=\"_blank\">Tilintarkastuskertomus 2012 (SV)<\/a>\u00a0\u00a0(PDF)<\/p>\n<p><strong>Ylim\u00e4\u00e4r\u00e4inen osuuskunnan kokous 9.11.2013<\/strong><br \/>\n<a href=\"http:\/\/www.kitoval.fi\/wp-content\/uploads\/2015\/10\/poytakirjaylimaarainenkokous2013.pdf\" target=\"_blank\">P\u00f6yt\u00e4kirja<\/a>\u00a0(PDF)<br \/>\n<a href=\"http:\/\/www.kitoval.fi\/wp-content\/uploads\/2015\/10\/andelsstamma9112013presentation.pdf\" target=\"_blank\">Esitys<\/a>\u00a0(PDF)<\/p>\n","protected":false},"excerpt":{"rendered":"<p>Vuosikokous 29.6.2013 P\u00f6yt\u00e4kirja\u00a0(PDF) Esitys\u00a0(PDF) Vuosikertomus 2012 (SV)\u00a0(PDF) Tuloslaskelma 2012\u00a0(PDF) Tase 2012\u00a0(PDF) Projektikatsaus\u00a0(PDF) Tilintarkastuskertomus 2012 (SV)\u00a0\u00a0(PDF) Ylim\u00e4\u00e4r\u00e4inen osuuskunnan kokous 9.11.2013 P\u00f6yt\u00e4kirja\u00a0(PDF)<\/p>\n<p class=\"readmore\"><a href=\"http:\/\/www.kitoval.fi\/?page_id=107\" title=\"Read 2013\">Read more &raquo;<\/a><\/p>\n","protected":false},"author":1,"featured_media":0,"parent":51,"menu_order":11,"comment_status":"closed","ping_status":"closed","template":"","meta":{"_monsterinsights_skip_tracking":false,"_monsterinsights_sitenote_active":false,"_monsterinsights_sitenote_note":"","_monsterinsights_sitenote_category":0,"footnotes":""},"class_list":["post-107","page","type-page","status-publish","hentry"],"_links":{"self":[{"href":"http:\/\/www.kitoval.fi\/index.php?rest_route=\/wp\/v2\/pages\/107"}],"collection":[{"href":"http:\/\/www.kitoval.fi\/index.php?rest_route=\/wp\/v2\/pages"}],"about":[{"href":"http:\/\/www.kitoval.fi\/index.php?rest_route=\/wp\/v2\/types\/page"}],"author":[{"embeddable":true,"href":"http:\/\/www.kitoval.fi\/index.php?rest_route=\/wp\/v2\/users\/1"}],"replies":[{"embeddable":true,"href":"http:\/\/www.kitoval.fi\/index.php?rest_route=%2Fwp%2Fv2%2Fcomments&post=107"}],"version-history":[{"count":7,"href":"http:\/\/www.kitoval.fi\/index.php?rest_route=\/wp\/v2\/pages\/107\/revisions"}],"predecessor-version":[{"id":256,"href":"http:\/\/www.kitoval.fi\/index.php?rest_route=\/wp\/v2\/pages\/107\/revisions\/256"}],"up":[{"embeddable":true,"href":"http:\/\/www.kitoval.fi\/index.php?rest_route=\/wp\/v2\/pages\/51"}],"wp:attachment":[{"href":"http:\/\/www.kitoval.fi\/index.php?rest_route=%2Fwp%2Fv2%2Fmedia&parent=107"}],"curies":[{"name":"wp","href":"https:\/\/api.w.org\/{rel}","templated":true}]}}