{"id":796,"date":"2020-06-16T14:10:18","date_gmt":"2020-06-16T11:10:18","guid":{"rendered":"http:\/\/www.kitoval.fi\/?page_id=796"},"modified":"2023-05-29T15:59:54","modified_gmt":"2023-05-29T12:59:54","slug":"2020-2","status":"publish","type":"page","link":"http:\/\/www.kitoval.fi\/?page_id=796","title":{"rendered":"2020"},"content":{"rendered":"<p><strong>Varsinainen osuuskuntakokous 27.6.2020<\/strong><br \/>\n<a href=\"http:\/\/www.kitoval.fi\/wp-content\/uploads\/2020\/09\/poytakirja_vuosikokous2020.pdf\">P\u00f6yt\u00e4kirja<\/a>\u00a0(PDF)<br \/>\n<a href=\"http:\/\/www.kitoval.fi\/wp-content\/uploads\/2020\/06\/KokouskutsuVuosikokous2020.pdf\">Kokouskutsu<\/a> (PDF)<br \/>\n<a href=\"http:\/\/www.kitoval.fi\/wp-content\/uploads\/2020\/06\/vuosikertomus_2019.pdf\">Vuosikertomus 2019<\/a> (PDF)<br \/>\n<a href=\"http:\/\/www.kitoval.fi\/wp-content\/uploads\/2020\/06\/vuosikokouksen_perusagenda.pdf\">Vuosikokouksen perusagenda<\/a> (PDF)<br \/>\n<a href=\"http:\/\/www.kitoval.fi\/wp-content\/uploads\/2020\/06\/budget_talousarvio2020.pdf\">Talousarvio 2020<\/a> (PDF)<br \/>\n<a href=\"http:\/\/www.kitoval.fi\/wp-content\/uploads\/2020\/06\/tilinpaatos_tilintarkastuskertomus2019.pdf\">Tilintarkastuskertomus ja tilinp\u00e4\u00e4t\u00f6s 2019<\/a> (PDF)<\/p>\n","protected":false},"excerpt":{"rendered":"<p>Varsinainen osuuskuntakokous 27.6.2020 P\u00f6yt\u00e4kirja\u00a0(PDF) Kokouskutsu (PDF) Vuosikertomus 2019 (PDF) Vuosikokouksen perusagenda (PDF) Talousarvio 2020 (PDF) Tilintarkastuskertomus ja tilinp\u00e4\u00e4t\u00f6s 2019 (PDF)<\/p>\n","protected":false},"author":1,"featured_media":0,"parent":51,"menu_order":5,"comment_status":"closed","ping_status":"closed","template":"","meta":{"_monsterinsights_skip_tracking":false,"_monsterinsights_sitenote_active":false,"_monsterinsights_sitenote_note":"","_monsterinsights_sitenote_category":0,"footnotes":""},"class_list":["post-796","page","type-page","status-publish","hentry"],"_links":{"self":[{"href":"http:\/\/www.kitoval.fi\/index.php?rest_route=\/wp\/v2\/pages\/796"}],"collection":[{"href":"http:\/\/www.kitoval.fi\/index.php?rest_route=\/wp\/v2\/pages"}],"about":[{"href":"http:\/\/www.kitoval.fi\/index.php?rest_route=\/wp\/v2\/types\/page"}],"author":[{"embeddable":true,"href":"http:\/\/www.kitoval.fi\/index.php?rest_route=\/wp\/v2\/users\/1"}],"replies":[{"embeddable":true,"href":"http:\/\/www.kitoval.fi\/index.php?rest_route=%2Fwp%2Fv2%2Fcomments&post=796"}],"version-history":[{"count":8,"href":"http:\/\/www.kitoval.fi\/index.php?rest_route=\/wp\/v2\/pages\/796\/revisions"}],"predecessor-version":[{"id":820,"href":"http:\/\/www.kitoval.fi\/index.php?rest_route=\/wp\/v2\/pages\/796\/revisions\/820"}],"up":[{"embeddable":true,"href":"http:\/\/www.kitoval.fi\/index.php?rest_route=\/wp\/v2\/pages\/51"}],"wp:attachment":[{"href":"http:\/\/www.kitoval.fi\/index.php?rest_route=%2Fwp%2Fv2%2Fmedia&parent=796"}],"curies":[{"name":"wp","href":"https:\/\/api.w.org\/{rel}","templated":true}]}}