{"id":855,"date":"2021-08-13T22:17:48","date_gmt":"2021-08-13T19:17:48","guid":{"rendered":"http:\/\/www.kitoval.fi\/?page_id=855"},"modified":"2023-05-29T15:59:35","modified_gmt":"2023-05-29T12:59:35","slug":"2021-2","status":"publish","type":"page","link":"http:\/\/www.kitoval.fi\/?page_id=855","title":{"rendered":"2021"},"content":{"rendered":"<p><strong>Varsinainen osuuskuntakokous 28.8.2021<\/strong><br \/>\n<a href=\"http:\/\/www.kitoval.fi\/wp-content\/uploads\/2021\/08\/poytakirja_vuosikokous2021.pdf\">P\u00f6yt\u00e4kirja 2021<\/a> (PDF)<br \/>\n<a href=\"http:\/\/www.kitoval.fi\/wp-content\/uploads\/2021\/08\/KokouskutsuVuosikokous2021.pdf\">Kokouskutsu<\/a> (PDF)<br \/>\n<a href=\"http:\/\/www.kitoval.fi\/wp-content\/uploads\/2021\/08\/Vuosikertomus2020.pdf\">Vuosikertomus 2020<\/a>(PDF)<br \/>\n<a href=\"http:\/\/www.kitoval.fi\/wp-content\/uploads\/2021\/08\/VuosikokouksenPerusagenda2021.pdf\">Perusagenda<\/a> (PDF)<br \/>\n<a href=\"http:\/\/www.kitoval.fi\/wp-content\/uploads\/2021\/08\/BudgetTalousarvio2021.pdf\">Talousarvio 2021<\/a> (PDF)<br \/>\n<a href=\"http:\/\/www.kitoval.fi\/wp-content\/uploads\/2021\/08\/Tilintarkastuskertomus2020.pdf\">Tilintarkastuskertomus 2020<\/a> (PDF)<br \/>\n<a href=\"http:\/\/www.kitoval.fi\/wp-content\/uploads\/2021\/08\/BokslutTilinpaatos2020.pdf\">Tilinp\u00e4\u00e4t\u00f6s 2020<\/a> (PDF)<br \/>\n<a href=\"http:\/\/www.kitoval.fi\/wp-content\/uploads\/2021\/08\/Tavoitteet2021.pdf\">Tavoitteet 2021<\/a> (PDF)<\/p>\n","protected":false},"excerpt":{"rendered":"<p>Varsinainen osuuskuntakokous 28.8.2021 P\u00f6yt\u00e4kirja 2021 (PDF) Kokouskutsu (PDF) Vuosikertomus 2020(PDF) Perusagenda (PDF) Talousarvio 2021 (PDF) Tilintarkastuskertomus 2020 (PDF) Tilinp\u00e4\u00e4t\u00f6s 2020<\/p>\n<p class=\"readmore\"><a href=\"http:\/\/www.kitoval.fi\/?page_id=855\" title=\"Read 2021\">Read more &raquo;<\/a><\/p>\n","protected":false},"author":1,"featured_media":0,"parent":51,"menu_order":4,"comment_status":"closed","ping_status":"closed","template":"","meta":{"_monsterinsights_skip_tracking":false,"_monsterinsights_sitenote_active":false,"_monsterinsights_sitenote_note":"","_monsterinsights_sitenote_category":0,"footnotes":""},"class_list":["post-855","page","type-page","status-publish","hentry"],"_links":{"self":[{"href":"http:\/\/www.kitoval.fi\/index.php?rest_route=\/wp\/v2\/pages\/855"}],"collection":[{"href":"http:\/\/www.kitoval.fi\/index.php?rest_route=\/wp\/v2\/pages"}],"about":[{"href":"http:\/\/www.kitoval.fi\/index.php?rest_route=\/wp\/v2\/types\/page"}],"author":[{"embeddable":true,"href":"http:\/\/www.kitoval.fi\/index.php?rest_route=\/wp\/v2\/users\/1"}],"replies":[{"embeddable":true,"href":"http:\/\/www.kitoval.fi\/index.php?rest_route=%2Fwp%2Fv2%2Fcomments&post=855"}],"version-history":[{"count":6,"href":"http:\/\/www.kitoval.fi\/index.php?rest_route=\/wp\/v2\/pages\/855\/revisions"}],"predecessor-version":[{"id":888,"href":"http:\/\/www.kitoval.fi\/index.php?rest_route=\/wp\/v2\/pages\/855\/revisions\/888"}],"up":[{"embeddable":true,"href":"http:\/\/www.kitoval.fi\/index.php?rest_route=\/wp\/v2\/pages\/51"}],"wp:attachment":[{"href":"http:\/\/www.kitoval.fi\/index.php?rest_route=%2Fwp%2Fv2%2Fmedia&parent=855"}],"curies":[{"name":"wp","href":"https:\/\/api.w.org\/{rel}","templated":true}]}}