{"id":1083,"date":"2024-06-09T22:01:05","date_gmt":"2024-06-09T19:01:05","guid":{"rendered":"http:\/\/www.kitoval.fi\/?page_id=1083"},"modified":"2025-11-03T09:04:56","modified_gmt":"2025-11-03T07:04:56","slug":"2024-2","status":"publish","type":"page","link":"https:\/\/www.kitoval.fi\/?page_id=1083","title":{"rendered":"2024"},"content":{"rendered":"<p><strong>Ordinarie andelsst\u00e4mma 15.6.2024<\/strong><br \/>\n<a href=\"http:\/\/www.kitoval.fi\/wp-content\/uploads\/2024\/11\/ProtokollArsmote2024.pdf\">Protokoll 2024<\/a><br \/>\n<a href=\"http:\/\/www.kitoval.fi\/wp-content\/uploads\/2024\/06\/2024_arsmote_moteskallelse.pdf\">M\u00f6teskallelse<\/a> (PDF)<br \/>\n<a href=\"http:\/\/www.kitoval.fi\/wp-content\/uploads\/2024\/06\/2023_arsberattelse.pdf\">\u00c5rsber\u00e4ttelse 2023<\/a> (PDF)<br \/>\n<a href=\"http:\/\/www.kitoval.fi\/wp-content\/uploads\/2024\/06\/2023_bokslut-1.pdf\">Bokslut 2023<\/a> (PDF)<br \/>\n<a href=\"http:\/\/www.kitoval.fi\/wp-content\/uploads\/2024\/06\/2024_basagenda.pdf\">Basagenda 2024<\/a> (PDF)<br \/>\n<a href=\"http:\/\/www.kitoval.fi\/wp-content\/uploads\/2024\/06\/2024_budget.pdf\">Budget 2024<\/a> (PDF)<br \/>\n<a href=\"http:\/\/www.kitoval.fi\/wp-content\/uploads\/2024\/06\/2023_revisionsberattelse.pdf\">Revisionsber\u00e4ttlese 2023<\/a> (PDF)<br \/>\n<a href=\"http:\/\/www.kitoval.fi\/wp-content\/uploads\/2025\/01\/VattenanalysVesianalyysi2024.pdf\">Vattenanalys 2024<\/a>\u00a0(PDF)<\/p>\n","protected":false},"excerpt":{"rendered":"<p>Ordinarie andelsst\u00e4mma 15.6.2024 Protokoll 2024 M\u00f6teskallelse (PDF) \u00c5rsber\u00e4ttelse 2023 (PDF) Bokslut 2023 (PDF) Basagenda 2024 (PDF) Budget 2024 (PDF) Revisionsber\u00e4ttlese<\/p>\n<p class=\"readmore\"><a href=\"https:\/\/www.kitoval.fi\/?page_id=1083\" title=\"Read 2024\">Read more &raquo;<\/a><\/p>\n","protected":false},"author":1,"featured_media":0,"parent":49,"menu_order":1,"comment_status":"closed","ping_status":"closed","template":"","meta":{"_monsterinsights_skip_tracking":false,"_monsterinsights_sitenote_active":false,"_monsterinsights_sitenote_note":"","_monsterinsights_sitenote_category":0,"footnotes":""},"class_list":["post-1083","page","type-page","status-publish","hentry"],"_links":{"self":[{"href":"https:\/\/www.kitoval.fi\/index.php?rest_route=\/wp\/v2\/pages\/1083"}],"collection":[{"href":"https:\/\/www.kitoval.fi\/index.php?rest_route=\/wp\/v2\/pages"}],"about":[{"href":"https:\/\/www.kitoval.fi\/index.php?rest_route=\/wp\/v2\/types\/page"}],"author":[{"embeddable":true,"href":"https:\/\/www.kitoval.fi\/index.php?rest_route=\/wp\/v2\/users\/1"}],"replies":[{"embeddable":true,"href":"https:\/\/www.kitoval.fi\/index.php?rest_route=%2Fwp%2Fv2%2Fcomments&post=1083"}],"version-history":[{"count":9,"href":"https:\/\/www.kitoval.fi\/index.php?rest_route=\/wp\/v2\/pages\/1083\/revisions"}],"predecessor-version":[{"id":1174,"href":"https:\/\/www.kitoval.fi\/index.php?rest_route=\/wp\/v2\/pages\/1083\/revisions\/1174"}],"up":[{"embeddable":true,"href":"https:\/\/www.kitoval.fi\/index.php?rest_route=\/wp\/v2\/pages\/49"}],"wp:attachment":[{"href":"https:\/\/www.kitoval.fi\/index.php?rest_route=%2Fwp%2Fv2%2Fmedia&parent=1083"}],"curies":[{"name":"wp","href":"https:\/\/api.w.org\/{rel}","templated":true}]}}