{"id":280,"date":"2015-10-10T12:08:39","date_gmt":"2015-10-10T09:08:39","guid":{"rendered":"http:\/\/www.kitoval.fi\/?page_id=280"},"modified":"2024-03-13T19:55:30","modified_gmt":"2024-03-13T17:55:30","slug":"projektnytt","status":"publish","type":"page","link":"https:\/\/www.kitoval.fi\/?page_id=280","title":{"rendered":"Projektets f\u00f6rsta skede 2014-15"},"content":{"rendered":"<p><strong>Vattenf\u00f6rs\u00f6rjningen p\u00e5 Kit\u00f6 ig\u00e5ngk\u00f6rd<\/strong><\/p>\n<p>Efter ett \u00e5r av intensivt gr\u00e4vande och r\u00f6rl\u00e4ggande har fastighets\u00e4garna, som anslutit sig till Kit\u00f6 Vattenandelslag p\u00e5 Kit\u00f6 och L\u00f6par\u00f6 syd\u00f6stra delar, kommunalt vatten i sina r\u00f6r. Projektet har slutf\u00f6rts inom utsatt tidtabell och budget. Vattenandelslaget tog emot arbetet av huvudentrepren\u00f6ren Oy Mc Machine Ab den 6 februari 2015. D\u00e5 infrastrukturn\u00e4tverket nu \u00f6verl\u00e5tits till vattenandelslaget (med vissa brister) inleds en tv\u00e5-\u00e5rig garantiperiod.<\/p>\n<p>P\u00e5 Kit\u00f6 och L\u00f6par\u00f6 finns det 87 fastigheter som anslutit sig V\/A n\u00e4tet. En stor del av dessa har inte \u00e4nnu slutf\u00f6rt r\u00f6rdragningarna p\u00e5 fastigheten och installationsarbeten till byggnaderna. Vi uppmanar fastighets\u00e4garna att s\u00e5 snart som m\u00f6jligt slutf\u00f6ra gr\u00e4v- och kopplingsarbetena. Kontaktuppgifter till flera entrepren\u00f6rer finns p\u00e5 Kit\u00f6 Vattenandelslags hemsida. Det \u00e4r tid att s\u00e4tta i g\u00e5ng, n\u00e4r sommaren kommer finns det en risk att entrepren\u00f6rerna \u00e4r upptagna. P\u00e5 hemsidan finns ocks\u00e5 kontaktuppgifterna till Vattenandelslagets serviceman Timo Suojanen.<\/p>\n<p>Vattenandelslaget st\u00e5r nu inf\u00f6r nya utmaningar. Utbyggnaden av V\/A n\u00e4tet p\u00e5 N\u00e4set och f\u00f6rbindelsekabeln f\u00f6r bredbandet fr\u00e5n Box till Kit\u00f6 st\u00e5r p\u00e5 programmet. Anslutningst\u00e4theten (gjorda anslutnings- och brukskontrakt) p\u00e5 s\u00f6dra delen av N\u00e4set \u00e4r tillfredst\u00e4llande men p\u00e5 de mellersta och norra delarna beh\u00f6vs flera abonnenter f\u00f6r att utbyggnaden skall vara ekonomiskt vettig. Underst\u00f6d f\u00f6r b\u00e5de vatten och avlopp samt bredbandskabeln \u00e4r en f\u00f6ruts\u00e4ttning f\u00f6r att anslutningsavgifterna skall kunna h\u00e5llas p\u00e5 en f\u00f6rnuftig niv\u00e5. Arbetet med ans\u00f6kningsf\u00f6rfarandet p\u00e5g\u00e5r men det f\u00f6ruts\u00e4tter ny konkurrensuts\u00e4ttning av projektarbetet. Innan beslut om underst\u00f6d har s\u00e4kerst\u00e4llts kan Vattenandelslaget inte ta risken att p\u00e5b\u00f6rja utbyggnadsarbetet. D\u00e4rf\u00f6r kan vi anta att gr\u00e4varbetet kommer ig\u00e5ng tidigast under v\u00e5rens lopp f\u00f6rutsatt att flera fastigheter p\u00e5 N\u00e4set ansluter sig till Kit\u00f6 Vattenandelslag.<\/p>\n<p><a href=\"http:\/\/www.kitoval.fi\/wp-content\/uploads\/2015\/10\/img11752.jpg\"><img loading=\"lazy\" decoding=\"async\" class=\"wp-image-289 size-full aligncenter\" src=\"http:\/\/www.kitoval.fi\/wp-content\/uploads\/2015\/10\/img11752.jpg\" alt=\"img11752\" width=\"510\" height=\"383\" srcset=\"https:\/\/www.kitoval.fi\/wp-content\/uploads\/2015\/10\/img11752.jpg 510w, https:\/\/www.kitoval.fi\/wp-content\/uploads\/2015\/10\/img11752-300x225.jpg 300w\" sizes=\"(max-width: 510px) 100vw, 510px\" \/><\/a><em>Projektet \u00f6verl\u00e4ts vid en r\u00f6rlagslunch p\u00e5 Vess\u00f6. Fr\u00e5n v\u00e4nster Ove Tallberg, Kit\u00f6VAL ordf\u00f6rande, Markus Blomqvist, Mc Machine och Bj\u00f6rn Backstr\u00f6m, planerare och \u00f6vervakare.<\/em><\/p>\n<p style=\"text-align: center;\"><em><a href=\"http:\/\/www.kitoval.fi\/wp-content\/uploads\/2015\/10\/img0922copy.jpg\"><img loading=\"lazy\" decoding=\"async\" class=\"size-full wp-image-290 aligncenter\" src=\"http:\/\/www.kitoval.fi\/wp-content\/uploads\/2015\/10\/img0922copy.jpg\" alt=\"img0922copy\" width=\"510\" height=\"383\" srcset=\"https:\/\/www.kitoval.fi\/wp-content\/uploads\/2015\/10\/img0922copy.jpg 510w, https:\/\/www.kitoval.fi\/wp-content\/uploads\/2015\/10\/img0922copy-300x225.jpg 300w\" sizes=\"(max-width: 510px) 100vw, 510px\" \/><\/a>R\u00f6rl\u00e4ggning p\u00e5 L\u00f6par\u00f6.<\/em><\/p>\n<p style=\"text-align: center;\"><em><a href=\"http:\/\/www.kitoval.fi\/wp-content\/uploads\/2015\/10\/img3796copy.jpg\"><img loading=\"lazy\" decoding=\"async\" class=\"alignnone size-full wp-image-284\" src=\"http:\/\/www.kitoval.fi\/wp-content\/uploads\/2015\/10\/img3796copy.jpg\" alt=\"img3796copy\" width=\"510\" height=\"340\" srcset=\"https:\/\/www.kitoval.fi\/wp-content\/uploads\/2015\/10\/img3796copy.jpg 510w, https:\/\/www.kitoval.fi\/wp-content\/uploads\/2015\/10\/img3796copy-300x200.jpg 300w\" sizes=\"(max-width: 510px) 100vw, 510px\" \/><br \/>\n<\/a>VD Blomqvist sysslar med det han \u00e4r bra p\u00e5.<\/em><\/p>\n<p style=\"text-align: center;\"><em><a href=\"http:\/\/www.kitoval.fi\/wp-content\/uploads\/2015\/10\/509copy.jpg\"><img loading=\"lazy\" decoding=\"async\" class=\"size-full wp-image-281 aligncenter\" src=\"http:\/\/www.kitoval.fi\/wp-content\/uploads\/2015\/10\/509copy.jpg\" alt=\"509copy\" width=\"510\" height=\"383\" srcset=\"https:\/\/www.kitoval.fi\/wp-content\/uploads\/2015\/10\/509copy.jpg 510w, https:\/\/www.kitoval.fi\/wp-content\/uploads\/2015\/10\/509copy-300x225.jpg 300w\" sizes=\"(max-width: 510px) 100vw, 510px\" \/><\/a>D\u00e5 r\u00f6ren kommer fr\u00e5n havet gr\u00e4vs de ned i bottnen.<\/em><\/p>\n<p style=\"text-align: center;\"><em><a href=\"http:\/\/www.kitoval.fi\/wp-content\/uploads\/2015\/10\/571copy.jpg\"><img loading=\"lazy\" decoding=\"async\" class=\"size-full wp-image-282 aligncenter\" src=\"http:\/\/www.kitoval.fi\/wp-content\/uploads\/2015\/10\/571copy.jpg\" alt=\"571copy\" width=\"450\" height=\"600\" srcset=\"https:\/\/www.kitoval.fi\/wp-content\/uploads\/2015\/10\/571copy.jpg 450w, https:\/\/www.kitoval.fi\/wp-content\/uploads\/2015\/10\/571copy-225x300.jpg 225w\" sizes=\"(max-width: 450px) 100vw, 450px\" \/><\/a>H\u00e4r borras r\u00f6ren under Kit\u00f6v\u00e4gen.<\/em><\/p>\n<p style=\"text-align: center;\"><em><a href=\"http:\/\/www.kitoval.fi\/wp-content\/uploads\/2015\/10\/img4708.jpg\"><img loading=\"lazy\" decoding=\"async\" class=\"size-full wp-image-288 aligncenter\" src=\"http:\/\/www.kitoval.fi\/wp-content\/uploads\/2015\/10\/img4708.jpg\" alt=\"img4708\" width=\"511\" height=\"249\" srcset=\"https:\/\/www.kitoval.fi\/wp-content\/uploads\/2015\/10\/img4708.jpg 511w, https:\/\/www.kitoval.fi\/wp-content\/uploads\/2015\/10\/img4708-300x146.jpg 300w\" sizes=\"(max-width: 511px) 100vw, 511px\" \/><\/a>En pr\u00e5m beh\u00f6vdes f\u00f6r att l\u00e4gga r\u00f6ren p\u00e5 havsbottnen.<\/em><\/p>\n<p style=\"text-align: center;\"><strong>***<\/strong><\/p>\n<p style=\"text-align: left;\"><strong>Byggnadsarbeten har inletts p\u00e5 Kit\u00f6<br \/>\n<\/strong><\/p>\n<p>Andelslagets byggprojekt har \u00e4ntligen kommit ig\u00e5ng efter en l\u00e5ng planeringsprocess p\u00e5 c. fyra \u00e5r. Projektet, som best\u00e5r av utbyggnad av tj\u00e4nster f\u00f6r vatten, avlopp, fiberkabel samt eldistribution, tj\u00e4nar hela bygden, i det f\u00f6rsta skedet Kit\u00f6. Fas 1 \u00e4r begr\u00e4nsad till anslutningspunkt p\u00e5 Siverlandet, undervattensledningar till Tallholmarna, nord\u00f6stra L\u00f6par\u00f6 och Kit\u00f6 samt n\u00e4tverk p\u00e5 st\u00f6rsta delen av Kit\u00f6. Entreprenadavtal har tecknats med Mc Machinery Oy, Borg\u00e5.<\/p>\n<p>Den fortsatta utbyggnaden \u00e4r planerad s\u00e5, att fas 2 av omr\u00e5de 1 (N\u00e4set och \u00f6stra L\u00f6par\u00f6 samt fiberkabeln\u00e4tets centralenhet och inkoppling) byggs under 2015 och omr\u00e5de 2 (norra N\u00e4set, Martis, Hemisn\u00e4s) under 2015\u20132016. Omr\u00e5de 3 och 4 inleds 2017. F\u00f6ruts\u00e4ttningarna f\u00f6r utbyggnaden i synnerhet p\u00e5 de glesare omr\u00e5dena \u00e4r tillr\u00e4cklig medlemsanslutning och finansiering s\u00e5som ELY-centralens st\u00f6d f\u00f6r fiberkabeln\u00e4t. Mera information hittar du under fliken Andelslagsm\u00f6ten\/ EO andelsst\u00e4mma 2013.<\/p>\n<p style=\"text-align: center;\"><a href=\"http:\/\/www.kitoval.fi\/wp-content\/uploads\/2015\/10\/img1427.jpg\"><img loading=\"lazy\" decoding=\"async\" class=\"size-full wp-image-283 aligncenter\" src=\"http:\/\/www.kitoval.fi\/wp-content\/uploads\/2015\/10\/img1427.jpg\" alt=\"img1427\" width=\"510\" height=\"340\" srcset=\"https:\/\/www.kitoval.fi\/wp-content\/uploads\/2015\/10\/img1427.jpg 510w, https:\/\/www.kitoval.fi\/wp-content\/uploads\/2015\/10\/img1427-300x200.jpg 300w\" sizes=\"(max-width: 510px) 100vw, 510px\" \/><\/a><em>De tre musket\u00f6rerna: fr.v. Ove Tallberg, Kit\u00f6VAL ordf\u00f6rande, Bj\u00f6rn Backstr\u00f6m, \u00f6vervakare och Markus Blomqvist, entrepren\u00f6r.<\/em><\/p>\n<p><a href=\"http:\/\/www.kitoval.fi\/wp-content\/uploads\/2015\/10\/img4097.jpg\"><img loading=\"lazy\" decoding=\"async\" class=\"size-full wp-image-285 aligncenter\" src=\"http:\/\/www.kitoval.fi\/wp-content\/uploads\/2015\/10\/img4097.jpg\" alt=\"img4097\" width=\"510\" height=\"383\" srcset=\"https:\/\/www.kitoval.fi\/wp-content\/uploads\/2015\/10\/img4097.jpg 510w, https:\/\/www.kitoval.fi\/wp-content\/uploads\/2015\/10\/img4097-300x225.jpg 300w\" sizes=\"(max-width: 510px) 100vw, 510px\" \/><\/a><\/p>\n<p><a href=\"http:\/\/www.kitoval.fi\/wp-content\/uploads\/2015\/10\/img4100.jpg\"><img loading=\"lazy\" decoding=\"async\" class=\"size-full wp-image-286 aligncenter\" src=\"http:\/\/www.kitoval.fi\/wp-content\/uploads\/2015\/10\/img4100.jpg\" alt=\"img4100\" width=\"510\" height=\"268\" srcset=\"https:\/\/www.kitoval.fi\/wp-content\/uploads\/2015\/10\/img4100.jpg 510w, https:\/\/www.kitoval.fi\/wp-content\/uploads\/2015\/10\/img4100-300x158.jpg 300w\" sizes=\"(max-width: 510px) 100vw, 510px\" \/><\/a><\/p>\n<p style=\"text-align: center;\"><a href=\"http:\/\/www.kitoval.fi\/wp-content\/uploads\/2015\/10\/img4104.jpg\"><img loading=\"lazy\" decoding=\"async\" class=\"size-full wp-image-287 aligncenter\" src=\"http:\/\/www.kitoval.fi\/wp-content\/uploads\/2015\/10\/img4104.jpg\" alt=\"img4104\" width=\"501\" height=\"600\" srcset=\"https:\/\/www.kitoval.fi\/wp-content\/uploads\/2015\/10\/img4104.jpg 501w, https:\/\/www.kitoval.fi\/wp-content\/uploads\/2015\/10\/img4104-251x300.jpg 251w\" sizes=\"(max-width: 501px) 100vw, 501px\" \/><br \/>\n<\/a><em>Arbetet p\u00e5g\u00e5r, januari 2014<\/em><\/p>\n","protected":false},"excerpt":{"rendered":"<p>Vattenf\u00f6rs\u00f6rjningen p\u00e5 Kit\u00f6 ig\u00e5ngk\u00f6rd Efter ett \u00e5r av intensivt gr\u00e4vande och r\u00f6rl\u00e4ggande har fastighets\u00e4garna, som anslutit sig till Kit\u00f6 Vattenandelslag<\/p>\n<p class=\"readmore\"><a href=\"https:\/\/www.kitoval.fi\/?page_id=280\" title=\"Read Projektets f\u00f6rsta skede 2014-15\">Read more &raquo;<\/a><\/p>\n","protected":false},"author":1,"featured_media":0,"parent":8,"menu_order":2,"comment_status":"closed","ping_status":"closed","template":"","meta":{"_monsterinsights_skip_tracking":false,"_monsterinsights_sitenote_active":false,"_monsterinsights_sitenote_note":"","_monsterinsights_sitenote_category":0,"footnotes":""},"class_list":["post-280","page","type-page","status-publish","hentry"],"_links":{"self":[{"href":"https:\/\/www.kitoval.fi\/index.php?rest_route=\/wp\/v2\/pages\/280"}],"collection":[{"href":"https:\/\/www.kitoval.fi\/index.php?rest_route=\/wp\/v2\/pages"}],"about":[{"href":"https:\/\/www.kitoval.fi\/index.php?rest_route=\/wp\/v2\/types\/page"}],"author":[{"embeddable":true,"href":"https:\/\/www.kitoval.fi\/index.php?rest_route=\/wp\/v2\/users\/1"}],"replies":[{"embeddable":true,"href":"https:\/\/www.kitoval.fi\/index.php?rest_route=%2Fwp%2Fv2%2Fcomments&post=280"}],"version-history":[{"count":3,"href":"https:\/\/www.kitoval.fi\/index.php?rest_route=\/wp\/v2\/pages\/280\/revisions"}],"predecessor-version":[{"id":1015,"href":"https:\/\/www.kitoval.fi\/index.php?rest_route=\/wp\/v2\/pages\/280\/revisions\/1015"}],"up":[{"embeddable":true,"href":"https:\/\/www.kitoval.fi\/index.php?rest_route=\/wp\/v2\/pages\/8"}],"wp:attachment":[{"href":"https:\/\/www.kitoval.fi\/index.php?rest_route=%2Fwp%2Fv2%2Fmedia&parent=280"}],"curies":[{"name":"wp","href":"https:\/\/api.w.org\/{rel}","templated":true}]}}