{"id":521,"date":"2016-05-24T20:11:28","date_gmt":"2016-05-24T17:11:28","guid":{"rendered":"http:\/\/www.kitoval.fi\/?page_id=521"},"modified":"2023-05-29T16:01:53","modified_gmt":"2023-05-29T13:01:53","slug":"2016-2","status":"publish","type":"page","link":"https:\/\/www.kitoval.fi\/?page_id=521","title":{"rendered":"2016"},"content":{"rendered":"<p><strong>Ordinarie andelsst\u00e4mma\u00a018.6.2016<br \/>\n<\/strong><a href=\"http:\/\/www.kitoval.fi\/wp-content\/uploads\/2016\/05\/Kitovatten_ProtokollArsmote2016.pdf\">Protokoll<\/a>\u00a0(PDF)<strong><br \/>\n<\/strong><a href=\"http:\/\/www.kitoval.fi\/wp-content\/uploads\/2016\/05\/Mo\u0308teskallelse-A\u030arsmo\u0308te-2016.pdf\">M\u00f6teskallelse<\/a> (PDF)<br \/>\n<a href=\"http:\/\/www.kitoval.fi\/wp-content\/uploads\/2016\/05\/Avtalsvillkor-24.5.2016.pdf\">F\u00f6rslag till nya avtalsvillkor<\/a> (PDF)<a href=\"http:\/\/www.kitoval.fi\/wp-content\/uploads\/2015\/10\/Protokoll-\u00c5rsm\u00f6te-2015.pdf\" target=\"_blank\"><br \/>\n<\/a><a href=\"http:\/\/www.kitoval.fi\/wp-content\/uploads\/2016\/05\/Kit\u00f6-bokslut-undertecknad-2015-.pdf\">Revisionsber\u00e4ttelse<\/a> (PDF)<a href=\"http:\/\/www.kitoval.fi\/wp-content\/uploads\/2016\/05\/Kit\u00f6-bokslut-undertecknad-2015-.pdf\"><br \/>\nBokslut 2015<\/a> (PDF)<br \/>\n<a href=\"http:\/\/www.kitoval.fi\/wp-content\/uploads\/2016\/05\/Plan-2016.pdf\">M\u00e5ls\u00e4ttningar f\u00f6r \u00e5r 2016<\/a> (PDF)<a href=\"http:\/\/www.kitoval.fi\/wp-content\/uploads\/2016\/05\/Budget-2016.pdf\"><br \/>\nBudget f\u00f6r \u00e5r 2016<\/a> (PDF)<\/p>\n","protected":false},"excerpt":{"rendered":"<p>Ordinarie andelsst\u00e4mma\u00a018.6.2016 Protokoll\u00a0(PDF) M\u00f6teskallelse (PDF) F\u00f6rslag till nya avtalsvillkor (PDF) Revisionsber\u00e4ttelse (PDF) Bokslut 2015 (PDF) M\u00e5ls\u00e4ttningar f\u00f6r \u00e5r 2016 (PDF)<\/p>\n<p class=\"readmore\"><a href=\"https:\/\/www.kitoval.fi\/?page_id=521\" title=\"Read 2016\">Read more &raquo;<\/a><\/p>\n","protected":false},"author":1,"featured_media":0,"parent":49,"menu_order":9,"comment_status":"closed","ping_status":"closed","template":"","meta":{"_monsterinsights_skip_tracking":false,"_monsterinsights_sitenote_active":false,"_monsterinsights_sitenote_note":"","_monsterinsights_sitenote_category":0,"footnotes":""},"class_list":["post-521","page","type-page","status-publish","hentry"],"_links":{"self":[{"href":"https:\/\/www.kitoval.fi\/index.php?rest_route=\/wp\/v2\/pages\/521"}],"collection":[{"href":"https:\/\/www.kitoval.fi\/index.php?rest_route=\/wp\/v2\/pages"}],"about":[{"href":"https:\/\/www.kitoval.fi\/index.php?rest_route=\/wp\/v2\/types\/page"}],"author":[{"embeddable":true,"href":"https:\/\/www.kitoval.fi\/index.php?rest_route=\/wp\/v2\/users\/1"}],"replies":[{"embeddable":true,"href":"https:\/\/www.kitoval.fi\/index.php?rest_route=%2Fwp%2Fv2%2Fcomments&post=521"}],"version-history":[{"count":7,"href":"https:\/\/www.kitoval.fi\/index.php?rest_route=\/wp\/v2\/pages\/521\/revisions"}],"predecessor-version":[{"id":559,"href":"https:\/\/www.kitoval.fi\/index.php?rest_route=\/wp\/v2\/pages\/521\/revisions\/559"}],"up":[{"embeddable":true,"href":"https:\/\/www.kitoval.fi\/index.php?rest_route=\/wp\/v2\/pages\/49"}],"wp:attachment":[{"href":"https:\/\/www.kitoval.fi\/index.php?rest_route=%2Fwp%2Fv2%2Fmedia&parent=521"}],"curies":[{"name":"wp","href":"https:\/\/api.w.org\/{rel}","templated":true}]}}