{"id":8,"date":"2015-10-07T18:23:30","date_gmt":"2015-10-07T15:23:30","guid":{"rendered":"http:\/\/www.kitoval.fi\/?page_id=8"},"modified":"2024-03-13T19:54:41","modified_gmt":"2024-03-13T17:54:41","slug":"om-oss","status":"publish","type":"page","link":"https:\/\/www.kitoval.fi\/?page_id=8","title":{"rendered":"Om oss"},"content":{"rendered":"<p>Kit\u00f6 Vattenandelslag grundades v\u00e5ren 2010 och gr\u00e4varbeten inleddes 2014. Fem \u00e5r senare st\u00e5r infrastrukturinvesteringen p\u00e5 3,5 milj. euro klar och \u00e5r 2023 har 187 av 270 andelslagets medlemmar anslutit sig till det 42 km l\u00e5nga vatten- och avloppsn\u00e4tet.<\/p>\n<p>Hela omr\u00e5det omfattas av \u00f6stra L\u00f6par\u00f6, Kit\u00f6, N\u00e4set, Spjutsund by, Hemisn\u00e4set och Sandviksudden. P\u00e5 detta omr\u00e5de finns det totalt ca 450 fastigheter som representeras av s\u00e5v\u00e4l fast- som s\u00e4songbosatta fastighets\u00e4gare. Vattenandelslaget \u00e4r skuldfritt.<\/p>\n<p>I samband med utbyggnaden av vatten- och avloppsn\u00e4tet lades ocks\u00e5 fiberkabel i samma diken f\u00f6r att m\u00f6jligg\u00f6ra snabb bredbandsuppkoppling f\u00f6r alla fastigheter. Andelslaget har nu 84 aktiva fiber abonnenter. Sydfinska Energi lade dessutom ned skyddsr\u00f6r f\u00f6r framtida elkablar. En del av luftledningarna p\u00e5 omr\u00e5det har redan ersatts av elkablar.<\/p>\n","protected":false},"excerpt":{"rendered":"<p>Kit\u00f6 Vattenandelslag grundades v\u00e5ren 2010 och gr\u00e4varbeten inleddes 2014. Fem \u00e5r senare st\u00e5r infrastrukturinvesteringen p\u00e5 3,5 milj. euro klar och<\/p>\n<p class=\"readmore\"><a href=\"https:\/\/www.kitoval.fi\/?page_id=8\" title=\"Read Om oss\">Read more &raquo;<\/a><\/p>\n","protected":false},"author":1,"featured_media":0,"parent":0,"menu_order":0,"comment_status":"closed","ping_status":"closed","template":"","meta":{"_monsterinsights_skip_tracking":false,"_monsterinsights_sitenote_active":false,"_monsterinsights_sitenote_note":"","_monsterinsights_sitenote_category":0,"footnotes":""},"class_list":["post-8","page","type-page","status-publish","hentry"],"_links":{"self":[{"href":"https:\/\/www.kitoval.fi\/index.php?rest_route=\/wp\/v2\/pages\/8"}],"collection":[{"href":"https:\/\/www.kitoval.fi\/index.php?rest_route=\/wp\/v2\/pages"}],"about":[{"href":"https:\/\/www.kitoval.fi\/index.php?rest_route=\/wp\/v2\/types\/page"}],"author":[{"embeddable":true,"href":"https:\/\/www.kitoval.fi\/index.php?rest_route=\/wp\/v2\/users\/1"}],"replies":[{"embeddable":true,"href":"https:\/\/www.kitoval.fi\/index.php?rest_route=%2Fwp%2Fv2%2Fcomments&post=8"}],"version-history":[{"count":4,"href":"https:\/\/www.kitoval.fi\/index.php?rest_route=\/wp\/v2\/pages\/8\/revisions"}],"predecessor-version":[{"id":1013,"href":"https:\/\/www.kitoval.fi\/index.php?rest_route=\/wp\/v2\/pages\/8\/revisions\/1013"}],"wp:attachment":[{"href":"https:\/\/www.kitoval.fi\/index.php?rest_route=%2Fwp%2Fv2%2Fmedia&parent=8"}],"curies":[{"name":"wp","href":"https:\/\/api.w.org\/{rel}","templated":true}]}}